he value of (-27 - (18 + -24)) + 29?
8
What is the value of 20 + 0 - (25 - (-1 - 25))?
-31
Calculate -12 + 9 + 21 + -9.
9
13 + 0 - (-19 - -40)
-8
Calculate -8 - -27 - (34 - 6).
-9
Calculate (87 - 82) + (1 - 13).
-7
What is (-123 - -106) + 5 + 2 - -15?
5
2 - (-20 + 15 + (1 - (-1 + -8)))
-3
-17 + (2 - -17) - -13
15
What is the value of -21 - (-10 + 8 + (2 - 4) + -4)?
-13
Evaluate -1 + -1 - (-82 - -92).
-12
Evaluate -6 + (20 + -27 - -29).
16
38 - 57 - ((1 + -4 - -6) + -2)
-20
Evaluate -1 - (-2 - -35) - (1759 + -1765).
-28
-2 + (0 - (-9 + 11 + (-10 - -2)))
4
4 + -5 - (-5 + 3 + (-4 - -4))
1
Evaluate 5 + (10 - 6) - (-1 + 8) - -8.
10
What is -9 + 0 + (5 - (-9 + 34 + -6))?
-23
What is the value of -9 + 18 - 8 - 11 - -19?
9
(-13 - -13) + 21 + 1 - 8
14
What is the value of 0 + (-4 - 2) + (-20 - (11 - 31))?
-6
What is (-228 - -240) + (-1 - 6)?
5
What is (-1 - (0 - -1)) + 178 + -164?
12
Calculate 0 - (9 - -7 - 7) - (-26 - -2).
15
What is the value of (5 - -4 - -6) + -9?
6
What is the value of 1 - (-2 - (-4 - -10)) - 1?
8
Evaluate 4 + (-4 - -12) + -17.
-5
Evaluate -9 - ((0 - (-4 - 6)) + -10).
-9
What is the value of -1230 + 1238 + (1 + -2 + -32 - -2)?
-23
What is -11 - -15 - (1 + -6 + 12) - -19?
16
What is 0 + 2 + (-4 + 11 - 13)?
-4
Evaluate (16 - 7) + 0 + 0.
9
Evaluate -14 + (-23 - -68) + -55.
-24
Evaluate -1 - (-1 + -2 + (-20 - -19) - -8).
-5
Calculate -6 + -19 + -1 + 11.
-15
-23 + -14 - (-19 - 16)
-2
Calculate (3 + -2 - (-4 - -2)) + (0 - 3).
0
What is the value of 1 + 5 + 5 + -6 + -6 + -5?
-6
Evaluate -2 + (26 - 4 - (5 + 0)).
15
Calculate -23 - ((1 - 11) + 118 + -119).
-12
What is -10 - 1 - (4 - (21 + -11 + 0))?
-5
What is the value of 6 - (3 + 2 + (-47 - -58))?
-10
What is -9 - (1 - -1 - (-68 + 78))?
-1
What is (0 - -10 - 15) + 7?
2
What is -5 - (-37 - (-18 + 11))?
25
What is the value of -10 + (0 - 1) + (148 - 147)?
-10
What is 17 + 4 - (-61 - -75)?
7
Calculate 21 - 16 - (8 - ((0 - 2) + 4)).
-1
What is (15 - 22) + (0 - -2 - 3)?
-8
Evaluate 66 + -67 + 2 + -1 + -8.
-8
What is 0 + (-24 - (7 + (-2 - 1)))?
-28
7 - (-1 - (7 - (1 - -6))) - 7
1
Evaluate -3 + 1 + 4 + -1 - (30 + -31).
2
What is the value of (58 - 40) + -23 - (-39 + -1)?
35
Evaluate -40 - -39 - (-4 + 0) - 15.
-12
What is (-4 + 3 - 6 - 20) + 13?
-14
What is (-4 - (-3 + 2)) + -5 + -5 + 7?
-6
Evaluate 347 - 346 - (1 + 5).
-5
Evaluate 0 - (-6 + 5) - (19 + -4 + -2).
-12
12 - ((10 - 14) + 32 + -3)
-13
What is the value of -9 + -2 - (-14 + -11 + 3)?
11
Evaluate -13 + (22 - 9) + -9 + 1 + 2.
-6
What is (-1 - 2 - -9) + 18 - (5 - 0)?
19
26 + (48 - 88) - (1 + -13)
-2
Calculate (-1 - 1 - -1) + -18 - (-597 - -589).
-11
What is the value of -4 - -2 - (4 - 1 - (-81 - -100))?
14
2 - 0 - (14 + (-12 - -4))
-4
Calculate (6 - -9) + 6 + (0 - 4).
17
Evaluate (-4 + -1 - 0) + 19 + (-3 - -6).
17
What is 4 - 0 - -19 - (0 - -8 - 6)?
21
What is the value of (-13 - (-53 + 14)) + -14 - 3?
9
What is the value of (28 - 61) + (-2 - 3) + (28 - 30)?
-40
Evaluate -11 - -5 - (-2 + -3) - (0 + -2).
1
Evaluate 13 + (2 - (-38 + 24)).
29
Calculate -2 - 3 - (-25 + 12).
8
What is the value of -21 - -15 - (-2 + 5 + -10)?
1
What is the value of 0 + (8 - (13 + -7)) - -2?
4
What is the value of 5 - (26 + -12) - -13?
4
22 + -27 - ((-4 - 22) + -3)
24
Calculate (-12 - (3 + -3)) + 9.
-3
What is the value of -2 - 5 - (7 - 11 - 4)?
1
What is the value of (2 - (-1 + -1)) + (-2 - -5 - 3)?
4
20 - (12 - (12 + -34))
-14
Evaluate ((2 - -3) + (7 - 5) - 5) + 1.
3
What is the value of 9 - (-27 - 15 - -20)?
31
Calculate 9 - 6 - (2 + 21).
-20
-4 + -8 - (-58 + 46 - (-7 - 1))
-8
Calculate (6 - (2 - 1)) + 4 + 1.
10
What is -5 - (-7 + -8 - -4) - (26 - -1)?
-21
Calculate (-6 - 14) + -3 + (1 - -4) + -4.
-22
Calculate (16 - (39 + 10 + -26)) + 0 + 9.
2
What is -2 + -2 + 20 - (1010 + -998)?
4
-1 - (1 - 2) - ((18 - -11) + -26)
-3
Calculate (38 - 80 - -46) + (-1 - 8).
-5
Evaluate -1 + -20 - (-3 + -4 + (2 - 0)).
-16
What is the value of -2 + 6 - (24 + (18 - 20))?
-18
What is the value of (3 - -6) + 43 + -15 + -58?
-21
What is (-53 - -59) + -1 + 13 + -8?
10
(-4 + 2 - -7) + -5 - 4
-4
What is the value of -11 - 0 - (-31 + 14 + 16)?
-10
1 + (-6 - 3) + 2 + 1 + 2
-3
109 + -86 - (-6 - 4) - (5 - 1)
29
What is -18 + 58 + (-17 - 15)?
8
What is 9 + 15 + -24 + (5 - 0)?
5
What is the value of (30 - ((9 - 2) + 5 + -3)) + -2?
19
Evaluate -5 - ((-11 - (0 + 6)) + 0 + 3).
9
-2 - -2 - (-2 - -15)
-13
Evaluate 4 - (17 + -29 + 11).
5
-1 + -1 + (0 + -5 - -4) + -5
-8
Calculate -13 + 27 - 13 - 11.
-10
What is the value of -16 + 22 + (-37 - (13 + -23))?
-21
Evaluate (15 - 4) + -22 + -5.
-16
What is the value of 11 + (-4 - -3) + -5 + (-6 - -9)?
8
-3 + -10 - -7 - -2
-4
Calculate -19 + (-1 - -14) + 7.
1
What is -26 + (-32 - -49) + 0 + 1?
-8
Calculate -9 - 1 - (58 - 65).
-3
Evaluate -22 - (0 + -15) - -1.
-6
Calculate -10 + 6 - (4 - (4 + 3)) - 2.
-3
What is -752 - -760 - (-27 + 2 + (-2 - -1))?
34
Calculate (-9 - -9) + -6 + 11 + -1.
4
Calculate (15 - 0) + (-7 - -8).
16
What is 2 - 1 - 1 - (17 + -13 + 1)?
-5
3 + 8 - (-7 - -9 - (2 + 3))
14
What is the value of (5 - -10) + (4 - 24)?
-5
(-3 - 4 - -23) + -7
9
Calculate 10 + -9 + -3 + -4 + 0 + -1.
-7
Calculate (8 - 0) + -33 + 37.
12
-5 + -4 - -24 - 29
-14
What is the value of 0 + 6 - (12 + 1 + 6)?
-13
Calculate 4 - ((9 + -19 - -44) + -6).
-24
What is 8 + (4 - 8) + -20 + (-4 - -11)?
-9
Evaluate 15 + -20 + 97 + -85.
7
What is 4 - 23 - -9 - -10?
0
What is (30 - (0 - -4)) + 4 + -14?
16
Evaluate -2 + (-2 - -7) - (738 + -735).
0
Calculate -6 + 7 + -2 + 2 - (-3 + -6).
10
What is 2220 + -2219 + -25 + -1?
-25
-4 + 6 + 14 - 8
8
What is the value of -35 + -15 + (-39 - -85)?
-4
(-14 - (0 - -2 - 6)) + (-267 - -255)
-22
What is the value of -2 + 8 + 10 + (-6 - 24) - -6?
-8
What is 25 + -2 + (6 - -1) + -24 + 12?
18
What is -3 + -1 - (17 + -32 - -19)?
-8
-32 - (4 + 2 + (113 - 137))
-14
Calculate -4 + 2 + 0 + -9 + -9 + 11.
-9
What is the value of (-4 - -15) + (10 - 35)?
-14
What is (21 - -9) + -21 + -20?
-11
What is the value of 73 - (38 + -2) - 5?
32
What is the value of (0 - -5) + -8 + 23?
20
8 - (-1 - (10 + -15))
4
What is the value of (5 - (19 + -49)) + (3 + -14 - 0)?
24
Calculate 3 + (-27 - (0 - 25)).
1
-20 + 13 + 15 + -22
-14
813 + -782 + 1 + -21
11
Evaluate -8 + -1 + 2 + -10.
-17
What is the value of 0 - (-20 - (-1 - 23))?
-4
What is the value of -24 + (6 + 6 + (1 - 2) - 4)?
-17
Calculate -5 + (-3 - (-1 - 7)) + -7 - -24.
17
Evaluate 11 + (6 - 11) + 9 + 8.
23
1 - (-23 - (4 + -18))
10
What is the value of (-3 - (3 + -3)) + (-368 - -392)?
21
Calculate 18 + -28 + 22 + -1 + -2.
9
Calculate -5 - (-3 + (3 - 7) + 9).
-7
What is the value of (-58 - -64 - (3 + -11)) + -12?
2
What is 1 - (19 + (1 - 10))?
-9
What is (-14 - -1) + (7 - (0 - 1)) - 8?
-13
Calculate -1 + -3 + -1 + -7 + 2 - -3.
-7
What is the value of 43 - (29 + 1 + -10)?
23
Calculate -47 + 2 + 92 + -73.
-26
-34 + (-6 + 2 - -10) + (4 - 0)
-24
What is the value of (7 - -1) + (-10 - 0 - -29 - 13)?
14
What is the value of 1 - (7 - -20 - 31) - (-8 + 1)?
12
-3 - -11 - (-9 - -6 - -13)
-2
Calculate -4 - (-5 + 0 + (-6 + 7 - -10)).
-10
Calculate -6 - (6 + (3 - (-6 - -32)) - -5).
6
What is the value of -1 - (-23 - (-19 - (-2 - 7)))?
12
Calculate -3 - -1 - ((3 - 16) + 0 + 8).
3
What is the value of (2 + -3 - 1) + 8 - 2 - 2?
2
Calculate 0 + -1 + -5 + (-21 - -16).
-11
What is 9 + (9 - 1 - (9 - -3)) + -6?
-1
What is -3 - 1 - (38 + (-5 - 30))?
-7
Calculate -9 + 0 - (53 - 58) - -21.
17
Evaluate 11 + -2 + (7 - -7 - 22).
1
96 + -104 + (-1 - -6) - 9
-12
Evaluate 13 + (-9 - (-13 - -17)).
0
What is the value of (-16 - -36) + -6 + (-2 - 0)?
12
What is (-1 - 2) + (754 - 740)?
11
Calculate 1 + 8 + -38 - -6.
-23
What is the value of ((-5 - -10) + 0 - -1) + -1?
5
What is the value of -1 + -25 - (56 - 92)?
10
What is 3 - (14 + -7) - -4?
0
Calculate 13 + (-16 + 12 + -12 - -8).
5
What is 19 + -23 - -29 - 11?
14
What is (-13 - -14) + 1 + 3?
5
What is -9 - ((2 - -9) + (-35 - -17))?
-2
What is -8 - (3 + -10) - (3 - 7)?
3
What is the value of -4 + -41 + 24 + 34?
13
Calculate (10 - -1) + 15 + -14.
12
Evaluate -3 - (10 + -6 + -29).
22
59 + (-61 - -28) + -55
-29
What is the value of 2 - (-13 - -14) - 10?
-9
Evaluate 0 - ((8 - 6) + (-1 - -2)) - 0.
-3
Calculate -2 + (12 - -2) - 16.
-4
Evaluate (13 - (19 + -9)) + 7 + 3.
13
Calculate 10 + 1 + -12 - -6.
5